{"id":109,"date":"2022-04-26T13:37:55","date_gmt":"2022-04-26T11:37:55","guid":{"rendered":"https:\/\/globalacoustic.fr\/?page_id=109"},"modified":"2023-12-11T22:03:23","modified_gmt":"2023-12-11T21:03:23","slug":"vente","status":"publish","type":"page","link":"https:\/\/globalacoustic.fr\/index.php\/vente\/","title":{"rendered":"Vente"},"content":{"rendered":"\n<p class=\"has-text-align-justify\">Fort de notre partenariat avec les distributeurs de mat\u00e9riel en France, nous pouvons \u00e9tudier votre projet afin d&#8217;\u00e9tablir un devis au plus proche de vos besoins.<\/p>\n\n\n\n<p>N&#8217;h\u00e9sitez pas \u00e0 nous <a href=\"https:\/\/globalacoustic.fr\/index.php\/contact\/\" target=\"_blank\" rel=\"noreferrer noopener\">contacter<\/a>.<\/p>\n\n\n\n<figure class=\"wp-block-gallery has-nested-images columns-default is-cropped wp-block-gallery-1 is-layout-flex wp-block-gallery-is-layout-flex\">\n<figure class=\"wp-block-image size-large\"><img loading=\"lazy\" decoding=\"async\" width=\"1001\" height=\"105\" data-id=\"28\" src=\"https:\/\/globalacoustic.fr\/wp-content\/uploads\/2022\/04\/Liste-pzrtenaire..jpg\" alt=\"Liste-partenaire\" class=\"wp-image-28\" srcset=\"https:\/\/globalacoustic.fr\/wp-content\/uploads\/2022\/04\/Liste-pzrtenaire..jpg 1001w, https:\/\/globalacoustic.fr\/wp-content\/uploads\/2022\/04\/Liste-pzrtenaire.-300x31.jpg 300w, https:\/\/globalacoustic.fr\/wp-content\/uploads\/2022\/04\/Liste-pzrtenaire.-768x81.jpg 768w, https:\/\/globalacoustic.fr\/wp-content\/uploads\/2022\/04\/Liste-pzrtenaire.-600x63.jpg 600w\" sizes=\"auto, (max-width: 1001px) 100vw, 1001px\" \/><\/figure>\n<\/figure>\n","protected":false},"excerpt":{"rendered":"<p>Fort de notre partenariat avec les distributeurs de mat\u00e9riel en France, nous pouvons \u00e9tudier votre projet afin d&#8217;\u00e9tablir un devis au plus proche de vos besoins. N&#8217;h\u00e9sitez pas \u00e0 nous contacter.<\/p>\n","protected":false},"author":1,"featured_media":0,"parent":0,"menu_order":0,"comment_status":"closed","ping_status":"closed","template":"","meta":{"footnotes":""},"class_list":["post-109","page","type-page","status-publish","hentry"],"yoast_head":"<!-- This site is optimized with the Yoast SEO plugin v27.4 - https:\/\/yoast.com\/product\/yoast-seo-wordpress\/ -->\n<title>VENTE\/LOCATION SONORISATION\/ GLOBAL ACOUSTIC \/<\/title>\n<meta name=\"description\" content=\"Plus de 30 ans d\u2019exp\u00e9rience, des conseils personnalis\u00e9s, un grand choix de produits, de marques et un service de qualit\u00e9.\" \/>\n<meta name=\"robots\" content=\"index, follow, max-snippet:-1, max-image-preview:large, max-video-preview:-1\" \/>\n<link rel=\"canonical\" href=\"https:\/\/globalacoustic.fr\/index.php\/vente\/\" \/>\n<meta property=\"og:locale\" content=\"en_US\" \/>\n<meta property=\"og:type\" content=\"article\" \/>\n<meta property=\"og:title\" content=\"VENTE\/LOCATION SONORISATION\/ GLOBAL ACOUSTIC \/\" \/>\n<meta property=\"og:description\" content=\"Plus de 30 ans d\u2019exp\u00e9rience, des conseils personnalis\u00e9s, un grand choix de produits, de marques et un service de qualit\u00e9.\" \/>\n<meta property=\"og:url\" content=\"https:\/\/globalacoustic.fr\/index.php\/vente\/\" \/>\n<meta property=\"og:site_name\" content=\"Global Acoustic\" \/>\n<meta property=\"article:publisher\" content=\"https:\/\/m.facebook.com\/p\/Global-Acoustic-100070827399345\/\" \/>\n<meta property=\"article:modified_time\" content=\"2023-12-11T21:03:23+00:00\" \/>\n<meta property=\"og:image\" content=\"https:\/\/globalacoustic.fr\/wp-content\/uploads\/2022\/04\/Liste-pzrtenaire..jpg\" \/>\n<meta name=\"twitter:card\" content=\"summary_large_image\" \/>\n<meta name=\"twitter:label1\" content=\"Est. reading time\" \/>\n\t<meta name=\"twitter:data1\" content=\"1 minute\" \/>\n<script type=\"application\/ld+json\" class=\"yoast-schema-graph\">{\"@context\":\"https:\\\/\\\/schema.org\",\"@graph\":[{\"@type\":\"WebPage\",\"@id\":\"https:\\\/\\\/globalacoustic.fr\\\/index.php\\\/vente\\\/\",\"url\":\"https:\\\/\\\/globalacoustic.fr\\\/index.php\\\/vente\\\/\",\"name\":\"VENTE\\\/LOCATION SONORISATION\\\/ GLOBAL ACOUSTIC \\\/\",\"isPartOf\":{\"@id\":\"https:\\\/\\\/globalacoustic.fr\\\/#website\"},\"primaryImageOfPage\":{\"@id\":\"https:\\\/\\\/globalacoustic.fr\\\/index.php\\\/vente\\\/#primaryimage\"},\"image\":{\"@id\":\"https:\\\/\\\/globalacoustic.fr\\\/index.php\\\/vente\\\/#primaryimage\"},\"thumbnailUrl\":\"https:\\\/\\\/globalacoustic.fr\\\/wp-content\\\/uploads\\\/2022\\\/04\\\/Liste-pzrtenaire..jpg\",\"datePublished\":\"2022-04-26T11:37:55+00:00\",\"dateModified\":\"2023-12-11T21:03:23+00:00\",\"description\":\"Plus de 30 ans d\u2019exp\u00e9rience, des conseils personnalis\u00e9s, un grand choix de produits, de marques et un service de qualit\u00e9.\",\"breadcrumb\":{\"@id\":\"https:\\\/\\\/globalacoustic.fr\\\/index.php\\\/vente\\\/#breadcrumb\"},\"inLanguage\":\"en-US\",\"potentialAction\":[{\"@type\":\"ReadAction\",\"target\":[\"https:\\\/\\\/globalacoustic.fr\\\/index.php\\\/vente\\\/\"]}]},{\"@type\":\"ImageObject\",\"inLanguage\":\"en-US\",\"@id\":\"https:\\\/\\\/globalacoustic.fr\\\/index.php\\\/vente\\\/#primaryimage\",\"url\":\"https:\\\/\\\/globalacoustic.fr\\\/wp-content\\\/uploads\\\/2022\\\/04\\\/Liste-pzrtenaire..jpg\",\"contentUrl\":\"https:\\\/\\\/globalacoustic.fr\\\/wp-content\\\/uploads\\\/2022\\\/04\\\/Liste-pzrtenaire..jpg\",\"width\":1001,\"height\":105,\"caption\":\"Liste-partenaire\"},{\"@type\":\"BreadcrumbList\",\"@id\":\"https:\\\/\\\/globalacoustic.fr\\\/index.php\\\/vente\\\/#breadcrumb\",\"itemListElement\":[{\"@type\":\"ListItem\",\"position\":1,\"name\":\"Accueil\",\"item\":\"https:\\\/\\\/globalacoustic.fr\\\/\"},{\"@type\":\"ListItem\",\"position\":2,\"name\":\"Vente\"}]},{\"@type\":\"WebSite\",\"@id\":\"https:\\\/\\\/globalacoustic.fr\\\/#website\",\"url\":\"https:\\\/\\\/globalacoustic.fr\\\/\",\"name\":\"Global Acoustic\",\"description\":\"Le bon choix, au bon moment. Global Acoustic\",\"publisher\":{\"@id\":\"https:\\\/\\\/globalacoustic.fr\\\/#organization\"},\"alternateName\":\"globalacoustic.fr\",\"potentialAction\":[{\"@type\":\"SearchAction\",\"target\":{\"@type\":\"EntryPoint\",\"urlTemplate\":\"https:\\\/\\\/globalacoustic.fr\\\/?s={search_term_string}\"},\"query-input\":{\"@type\":\"PropertyValueSpecification\",\"valueRequired\":true,\"valueName\":\"search_term_string\"}}],\"inLanguage\":\"en-US\"},{\"@type\":\"Organization\",\"@id\":\"https:\\\/\\\/globalacoustic.fr\\\/#organization\",\"name\":\"Global Acoustic\",\"url\":\"https:\\\/\\\/globalacoustic.fr\\\/\",\"logo\":{\"@type\":\"ImageObject\",\"inLanguage\":\"en-US\",\"@id\":\"https:\\\/\\\/globalacoustic.fr\\\/#\\\/schema\\\/logo\\\/image\\\/\",\"url\":\"https:\\\/\\\/globalacoustic.fr\\\/wp-content\\\/uploads\\\/2022\\\/04\\\/cropped-logo-global-acoustic.jpg\",\"contentUrl\":\"https:\\\/\\\/globalacoustic.fr\\\/wp-content\\\/uploads\\\/2022\\\/04\\\/cropped-logo-global-acoustic.jpg\",\"width\":1080,\"height\":398,\"caption\":\"Global Acoustic\"},\"image\":{\"@id\":\"https:\\\/\\\/globalacoustic.fr\\\/#\\\/schema\\\/logo\\\/image\\\/\"},\"sameAs\":[\"https:\\\/\\\/m.facebook.com\\\/p\\\/Global-Acoustic-100070827399345\\\/\"]}]}<\/script>\n<!-- \/ Yoast SEO plugin. -->","yoast_head_json":{"title":"VENTE\/LOCATION SONORISATION\/ GLOBAL ACOUSTIC \/","description":"Plus de 30 ans d\u2019exp\u00e9rience, des conseils personnalis\u00e9s, un grand choix de produits, de marques et un service de qualit\u00e9.","robots":{"index":"index","follow":"follow","max-snippet":"max-snippet:-1","max-image-preview":"max-image-preview:large","max-video-preview":"max-video-preview:-1"},"canonical":"https:\/\/globalacoustic.fr\/index.php\/vente\/","og_locale":"en_US","og_type":"article","og_title":"VENTE\/LOCATION SONORISATION\/ GLOBAL ACOUSTIC \/","og_description":"Plus de 30 ans d\u2019exp\u00e9rience, des conseils personnalis\u00e9s, un grand choix de produits, de marques et un service de qualit\u00e9.","og_url":"https:\/\/globalacoustic.fr\/index.php\/vente\/","og_site_name":"Global Acoustic","article_publisher":"https:\/\/m.facebook.com\/p\/Global-Acoustic-100070827399345\/","article_modified_time":"2023-12-11T21:03:23+00:00","og_image":[{"url":"https:\/\/globalacoustic.fr\/wp-content\/uploads\/2022\/04\/Liste-pzrtenaire..jpg","type":"","width":"","height":""}],"twitter_card":"summary_large_image","twitter_misc":{"Est. reading time":"1 minute"},"schema":{"@context":"https:\/\/schema.org","@graph":[{"@type":"WebPage","@id":"https:\/\/globalacoustic.fr\/index.php\/vente\/","url":"https:\/\/globalacoustic.fr\/index.php\/vente\/","name":"VENTE\/LOCATION SONORISATION\/ GLOBAL ACOUSTIC \/","isPartOf":{"@id":"https:\/\/globalacoustic.fr\/#website"},"primaryImageOfPage":{"@id":"https:\/\/globalacoustic.fr\/index.php\/vente\/#primaryimage"},"image":{"@id":"https:\/\/globalacoustic.fr\/index.php\/vente\/#primaryimage"},"thumbnailUrl":"https:\/\/globalacoustic.fr\/wp-content\/uploads\/2022\/04\/Liste-pzrtenaire..jpg","datePublished":"2022-04-26T11:37:55+00:00","dateModified":"2023-12-11T21:03:23+00:00","description":"Plus de 30 ans d\u2019exp\u00e9rience, des conseils personnalis\u00e9s, un grand choix de produits, de marques et un service de qualit\u00e9.","breadcrumb":{"@id":"https:\/\/globalacoustic.fr\/index.php\/vente\/#breadcrumb"},"inLanguage":"en-US","potentialAction":[{"@type":"ReadAction","target":["https:\/\/globalacoustic.fr\/index.php\/vente\/"]}]},{"@type":"ImageObject","inLanguage":"en-US","@id":"https:\/\/globalacoustic.fr\/index.php\/vente\/#primaryimage","url":"https:\/\/globalacoustic.fr\/wp-content\/uploads\/2022\/04\/Liste-pzrtenaire..jpg","contentUrl":"https:\/\/globalacoustic.fr\/wp-content\/uploads\/2022\/04\/Liste-pzrtenaire..jpg","width":1001,"height":105,"caption":"Liste-partenaire"},{"@type":"BreadcrumbList","@id":"https:\/\/globalacoustic.fr\/index.php\/vente\/#breadcrumb","itemListElement":[{"@type":"ListItem","position":1,"name":"Accueil","item":"https:\/\/globalacoustic.fr\/"},{"@type":"ListItem","position":2,"name":"Vente"}]},{"@type":"WebSite","@id":"https:\/\/globalacoustic.fr\/#website","url":"https:\/\/globalacoustic.fr\/","name":"Global Acoustic","description":"Le bon choix, au bon moment. Global Acoustic","publisher":{"@id":"https:\/\/globalacoustic.fr\/#organization"},"alternateName":"globalacoustic.fr","potentialAction":[{"@type":"SearchAction","target":{"@type":"EntryPoint","urlTemplate":"https:\/\/globalacoustic.fr\/?s={search_term_string}"},"query-input":{"@type":"PropertyValueSpecification","valueRequired":true,"valueName":"search_term_string"}}],"inLanguage":"en-US"},{"@type":"Organization","@id":"https:\/\/globalacoustic.fr\/#organization","name":"Global Acoustic","url":"https:\/\/globalacoustic.fr\/","logo":{"@type":"ImageObject","inLanguage":"en-US","@id":"https:\/\/globalacoustic.fr\/#\/schema\/logo\/image\/","url":"https:\/\/globalacoustic.fr\/wp-content\/uploads\/2022\/04\/cropped-logo-global-acoustic.jpg","contentUrl":"https:\/\/globalacoustic.fr\/wp-content\/uploads\/2022\/04\/cropped-logo-global-acoustic.jpg","width":1080,"height":398,"caption":"Global Acoustic"},"image":{"@id":"https:\/\/globalacoustic.fr\/#\/schema\/logo\/image\/"},"sameAs":["https:\/\/m.facebook.com\/p\/Global-Acoustic-100070827399345\/"]}]}},"jetpack_sharing_enabled":true,"_links":{"self":[{"href":"https:\/\/globalacoustic.fr\/index.php\/wp-json\/wp\/v2\/pages\/109","targetHints":{"allow":["GET"]}}],"collection":[{"href":"https:\/\/globalacoustic.fr\/index.php\/wp-json\/wp\/v2\/pages"}],"about":[{"href":"https:\/\/globalacoustic.fr\/index.php\/wp-json\/wp\/v2\/types\/page"}],"author":[{"embeddable":true,"href":"https:\/\/globalacoustic.fr\/index.php\/wp-json\/wp\/v2\/users\/1"}],"replies":[{"embeddable":true,"href":"https:\/\/globalacoustic.fr\/index.php\/wp-json\/wp\/v2\/comments?post=109"}],"version-history":[{"count":5,"href":"https:\/\/globalacoustic.fr\/index.php\/wp-json\/wp\/v2\/pages\/109\/revisions"}],"predecessor-version":[{"id":356,"href":"https:\/\/globalacoustic.fr\/index.php\/wp-json\/wp\/v2\/pages\/109\/revisions\/356"}],"wp:attachment":[{"href":"https:\/\/globalacoustic.fr\/index.php\/wp-json\/wp\/v2\/media?parent=109"}],"curies":[{"name":"wp","href":"https:\/\/api.w.org\/{rel}","templated":true}]}}