{"id":81,"date":"2022-04-26T13:03:45","date_gmt":"2022-04-26T11:03:45","guid":{"rendered":"https:\/\/globalacoustic.fr\/?page_id=81"},"modified":"2023-12-11T22:11:00","modified_gmt":"2023-12-11T21:11:00","slug":"installation","status":"publish","type":"page","link":"https:\/\/globalacoustic.fr\/index.php\/installation\/","title":{"rendered":"Installation"},"content":{"rendered":"\n<figure class=\"wp-block-gallery aligncenter has-nested-images columns-default is-cropped wp-block-gallery-1 is-layout-flex wp-block-gallery-is-layout-flex\"><\/figure>\n\n\n\n<h2 class=\"wp-block-heading\">Installation<\/h2>\n\n\n\n<p>Fort de notre comp\u00e9tence et notre exp\u00e9rience dans le domaine de l\u2019audiovisuel, nous vous accompagnons et vous conseillons pour vos projets d\u2019installation, de l\u2019\u00e9tude \u00e0 la mise en service.<\/p>\n\n\n\n<p>Nos conseils sont adapt\u00e9s et font suite \u00e0 une \u00e9tude pr\u00e9cise de vos besoins.<\/p>\n\n\n\n<p>Nos comp\u00e9tences techniques et d\u2019adaptation nous permettent d\u2019installer le mat\u00e9riel dans le respect des normes de s\u00e9curit\u00e9 en vigueur, en vous garantissant le meilleur rendu final.<\/p>\n\n\n\n<p>Nous restons \u00e0 votre enti\u00e8re disposition, n\u2019h\u00e9sitez pas \u00e0 nous <a href=\"https:\/\/globalacoustic.fr\/index.php\/contact\/\">contacter<\/a> pour le d\u00e9veloppement de vos projets.<\/p>\n","protected":false},"excerpt":{"rendered":"<p>Installation Fort de notre comp\u00e9tence et notre exp\u00e9rience dans le domaine de l\u2019audiovisuel, nous vous accompagnons et vous conseillons pour vos projets d\u2019installation, de l\u2019\u00e9tude \u00e0 la mise en service. Nos conseils sont adapt\u00e9s et font suite \u00e0 une \u00e9tude pr\u00e9cise de vos besoins. Nos comp\u00e9tences techniques et d\u2019adaptation nous permettent d\u2019installer le mat\u00e9riel dans [&hellip;]<\/p>\n","protected":false},"author":1,"featured_media":0,"parent":0,"menu_order":0,"comment_status":"closed","ping_status":"closed","template":"","meta":{"footnotes":""},"class_list":["post-81","page","type-page","status-publish","hentry"],"yoast_head":"<!-- This site is optimized with the Yoast SEO plugin v27.4 - https:\/\/yoast.com\/product\/yoast-seo-wordpress\/ -->\n<title>Installation - Global Acoustic<\/title>\n<meta name=\"description\" content=\"Plus de 30 ans d\u2019exp\u00e9rience, des conseils personnalis\u00e9s, un grand choix de produits, de marques et un service de qualit\u00e9 avec global acoustic.\" \/>\n<meta name=\"robots\" content=\"index, follow, max-snippet:-1, max-image-preview:large, max-video-preview:-1\" \/>\n<link rel=\"canonical\" href=\"https:\/\/globalacoustic.fr\/index.php\/installation\/\" \/>\n<meta property=\"og:locale\" content=\"en_US\" \/>\n<meta property=\"og:type\" content=\"article\" \/>\n<meta property=\"og:title\" content=\"Installation - Global Acoustic\" \/>\n<meta property=\"og:description\" content=\"Plus de 30 ans d\u2019exp\u00e9rience, des conseils personnalis\u00e9s, un grand choix de produits, de marques et un service de qualit\u00e9 avec global acoustic.\" \/>\n<meta property=\"og:url\" content=\"https:\/\/globalacoustic.fr\/index.php\/installation\/\" \/>\n<meta property=\"og:site_name\" content=\"Global Acoustic\" \/>\n<meta property=\"article:publisher\" content=\"https:\/\/m.facebook.com\/p\/Global-Acoustic-100070827399345\/\" \/>\n<meta property=\"article:modified_time\" content=\"2023-12-11T21:11:00+00:00\" \/>\n<meta property=\"og:image\" content=\"https:\/\/globalacoustic.fr\/wp-content\/uploads\/2022\/04\/cropped-logo2-global-acoustic.jpg\" \/>\n\t<meta property=\"og:image:width\" content=\"512\" \/>\n\t<meta property=\"og:image:height\" content=\"512\" \/>\n\t<meta property=\"og:image:type\" content=\"image\/jpeg\" \/>\n<meta name=\"twitter:card\" content=\"summary_large_image\" \/>\n<meta name=\"twitter:label1\" content=\"Est. reading time\" \/>\n\t<meta name=\"twitter:data1\" content=\"1 minute\" \/>\n<script type=\"application\/ld+json\" class=\"yoast-schema-graph\">{\"@context\":\"https:\\\/\\\/schema.org\",\"@graph\":[{\"@type\":\"WebPage\",\"@id\":\"https:\\\/\\\/globalacoustic.fr\\\/index.php\\\/installation\\\/\",\"url\":\"https:\\\/\\\/globalacoustic.fr\\\/index.php\\\/installation\\\/\",\"name\":\"Installation - Global Acoustic\",\"isPartOf\":{\"@id\":\"https:\\\/\\\/globalacoustic.fr\\\/#website\"},\"datePublished\":\"2022-04-26T11:03:45+00:00\",\"dateModified\":\"2023-12-11T21:11:00+00:00\",\"description\":\"Plus de 30 ans d\u2019exp\u00e9rience, des conseils personnalis\u00e9s, un grand choix de produits, de marques et un service de qualit\u00e9 avec global acoustic.\",\"breadcrumb\":{\"@id\":\"https:\\\/\\\/globalacoustic.fr\\\/index.php\\\/installation\\\/#breadcrumb\"},\"inLanguage\":\"en-US\",\"potentialAction\":[{\"@type\":\"ReadAction\",\"target\":[\"https:\\\/\\\/globalacoustic.fr\\\/index.php\\\/installation\\\/\"]}]},{\"@type\":\"BreadcrumbList\",\"@id\":\"https:\\\/\\\/globalacoustic.fr\\\/index.php\\\/installation\\\/#breadcrumb\",\"itemListElement\":[{\"@type\":\"ListItem\",\"position\":1,\"name\":\"Accueil\",\"item\":\"https:\\\/\\\/globalacoustic.fr\\\/\"},{\"@type\":\"ListItem\",\"position\":2,\"name\":\"Installation\"}]},{\"@type\":\"WebSite\",\"@id\":\"https:\\\/\\\/globalacoustic.fr\\\/#website\",\"url\":\"https:\\\/\\\/globalacoustic.fr\\\/\",\"name\":\"Global Acoustic\",\"description\":\"Le bon choix, au bon moment. Global Acoustic\",\"publisher\":{\"@id\":\"https:\\\/\\\/globalacoustic.fr\\\/#organization\"},\"alternateName\":\"globalacoustic.fr\",\"potentialAction\":[{\"@type\":\"SearchAction\",\"target\":{\"@type\":\"EntryPoint\",\"urlTemplate\":\"https:\\\/\\\/globalacoustic.fr\\\/?s={search_term_string}\"},\"query-input\":{\"@type\":\"PropertyValueSpecification\",\"valueRequired\":true,\"valueName\":\"search_term_string\"}}],\"inLanguage\":\"en-US\"},{\"@type\":\"Organization\",\"@id\":\"https:\\\/\\\/globalacoustic.fr\\\/#organization\",\"name\":\"Global Acoustic\",\"url\":\"https:\\\/\\\/globalacoustic.fr\\\/\",\"logo\":{\"@type\":\"ImageObject\",\"inLanguage\":\"en-US\",\"@id\":\"https:\\\/\\\/globalacoustic.fr\\\/#\\\/schema\\\/logo\\\/image\\\/\",\"url\":\"https:\\\/\\\/globalacoustic.fr\\\/wp-content\\\/uploads\\\/2022\\\/04\\\/cropped-logo-global-acoustic.jpg\",\"contentUrl\":\"https:\\\/\\\/globalacoustic.fr\\\/wp-content\\\/uploads\\\/2022\\\/04\\\/cropped-logo-global-acoustic.jpg\",\"width\":1080,\"height\":398,\"caption\":\"Global Acoustic\"},\"image\":{\"@id\":\"https:\\\/\\\/globalacoustic.fr\\\/#\\\/schema\\\/logo\\\/image\\\/\"},\"sameAs\":[\"https:\\\/\\\/m.facebook.com\\\/p\\\/Global-Acoustic-100070827399345\\\/\"]}]}<\/script>\n<!-- \/ Yoast SEO plugin. -->","yoast_head_json":{"title":"Installation - Global Acoustic","description":"Plus de 30 ans d\u2019exp\u00e9rience, des conseils personnalis\u00e9s, un grand choix de produits, de marques et un service de qualit\u00e9 avec global acoustic.","robots":{"index":"index","follow":"follow","max-snippet":"max-snippet:-1","max-image-preview":"max-image-preview:large","max-video-preview":"max-video-preview:-1"},"canonical":"https:\/\/globalacoustic.fr\/index.php\/installation\/","og_locale":"en_US","og_type":"article","og_title":"Installation - Global Acoustic","og_description":"Plus de 30 ans d\u2019exp\u00e9rience, des conseils personnalis\u00e9s, un grand choix de produits, de marques et un service de qualit\u00e9 avec global acoustic.","og_url":"https:\/\/globalacoustic.fr\/index.php\/installation\/","og_site_name":"Global Acoustic","article_publisher":"https:\/\/m.facebook.com\/p\/Global-Acoustic-100070827399345\/","article_modified_time":"2023-12-11T21:11:00+00:00","og_image":[{"width":512,"height":512,"url":"https:\/\/globalacoustic.fr\/wp-content\/uploads\/2022\/04\/cropped-logo2-global-acoustic.jpg","type":"image\/jpeg"}],"twitter_card":"summary_large_image","twitter_misc":{"Est. reading time":"1 minute"},"schema":{"@context":"https:\/\/schema.org","@graph":[{"@type":"WebPage","@id":"https:\/\/globalacoustic.fr\/index.php\/installation\/","url":"https:\/\/globalacoustic.fr\/index.php\/installation\/","name":"Installation - Global Acoustic","isPartOf":{"@id":"https:\/\/globalacoustic.fr\/#website"},"datePublished":"2022-04-26T11:03:45+00:00","dateModified":"2023-12-11T21:11:00+00:00","description":"Plus de 30 ans d\u2019exp\u00e9rience, des conseils personnalis\u00e9s, un grand choix de produits, de marques et un service de qualit\u00e9 avec global acoustic.","breadcrumb":{"@id":"https:\/\/globalacoustic.fr\/index.php\/installation\/#breadcrumb"},"inLanguage":"en-US","potentialAction":[{"@type":"ReadAction","target":["https:\/\/globalacoustic.fr\/index.php\/installation\/"]}]},{"@type":"BreadcrumbList","@id":"https:\/\/globalacoustic.fr\/index.php\/installation\/#breadcrumb","itemListElement":[{"@type":"ListItem","position":1,"name":"Accueil","item":"https:\/\/globalacoustic.fr\/"},{"@type":"ListItem","position":2,"name":"Installation"}]},{"@type":"WebSite","@id":"https:\/\/globalacoustic.fr\/#website","url":"https:\/\/globalacoustic.fr\/","name":"Global Acoustic","description":"Le bon choix, au bon moment. Global Acoustic","publisher":{"@id":"https:\/\/globalacoustic.fr\/#organization"},"alternateName":"globalacoustic.fr","potentialAction":[{"@type":"SearchAction","target":{"@type":"EntryPoint","urlTemplate":"https:\/\/globalacoustic.fr\/?s={search_term_string}"},"query-input":{"@type":"PropertyValueSpecification","valueRequired":true,"valueName":"search_term_string"}}],"inLanguage":"en-US"},{"@type":"Organization","@id":"https:\/\/globalacoustic.fr\/#organization","name":"Global Acoustic","url":"https:\/\/globalacoustic.fr\/","logo":{"@type":"ImageObject","inLanguage":"en-US","@id":"https:\/\/globalacoustic.fr\/#\/schema\/logo\/image\/","url":"https:\/\/globalacoustic.fr\/wp-content\/uploads\/2022\/04\/cropped-logo-global-acoustic.jpg","contentUrl":"https:\/\/globalacoustic.fr\/wp-content\/uploads\/2022\/04\/cropped-logo-global-acoustic.jpg","width":1080,"height":398,"caption":"Global Acoustic"},"image":{"@id":"https:\/\/globalacoustic.fr\/#\/schema\/logo\/image\/"},"sameAs":["https:\/\/m.facebook.com\/p\/Global-Acoustic-100070827399345\/"]}]}},"jetpack_sharing_enabled":true,"_links":{"self":[{"href":"https:\/\/globalacoustic.fr\/index.php\/wp-json\/wp\/v2\/pages\/81","targetHints":{"allow":["GET"]}}],"collection":[{"href":"https:\/\/globalacoustic.fr\/index.php\/wp-json\/wp\/v2\/pages"}],"about":[{"href":"https:\/\/globalacoustic.fr\/index.php\/wp-json\/wp\/v2\/types\/page"}],"author":[{"embeddable":true,"href":"https:\/\/globalacoustic.fr\/index.php\/wp-json\/wp\/v2\/users\/1"}],"replies":[{"embeddable":true,"href":"https:\/\/globalacoustic.fr\/index.php\/wp-json\/wp\/v2\/comments?post=81"}],"version-history":[{"count":10,"href":"https:\/\/globalacoustic.fr\/index.php\/wp-json\/wp\/v2\/pages\/81\/revisions"}],"predecessor-version":[{"id":358,"href":"https:\/\/globalacoustic.fr\/index.php\/wp-json\/wp\/v2\/pages\/81\/revisions\/358"}],"wp:attachment":[{"href":"https:\/\/globalacoustic.fr\/index.php\/wp-json\/wp\/v2\/media?parent=81"}],"curies":[{"name":"wp","href":"https:\/\/api.w.org\/{rel}","templated":true}]}}