{"id":185,"date":"2022-04-28T09:14:20","date_gmt":"2022-04-28T07:14:20","guid":{"rendered":"https:\/\/globalacoustic.fr\/?post_type=product&#038;p=185"},"modified":"2022-04-28T09:15:24","modified_gmt":"2022-04-28T07:15:24","slug":"reverb-yamaha-spx990-professional-multi-effect-processor","status":"publish","type":"product","link":"https:\/\/globalacoustic.fr\/index.php\/produit\/reverb-yamaha-spx990-professional-multi-effect-processor\/","title":{"rendered":"Reverb Yamaha SPX990 Professional Multi-Effect Processor"},"content":{"rendered":"<p><strong>D\u00e9tails du produit: <\/strong><br \/>\nUne v\u00e9ritable configuration st\u00e9r\u00e9o 2 entr\u00e9es\/2 sorties qui permet de traiter les sources st\u00e9r\u00e9o sans perturber l&#8217;image st\u00e9r\u00e9o d&#8217;origine. Les entr\u00e9es et sorties st\u00e9r\u00e9o sont toutes sym\u00e9triques \u00e9lectroniquement, avec des connecteurs jack XLR et TRS.<\/p>\n<p>M\u00e9moire pr\u00e9r\u00e9gl\u00e9e, interne et sur carte<\/p>\n<p>180 emplacements de m\u00e9moire &#8220;\u00e0 bord&#8221;. 80 d&#8217;entre eux sont en lecture seule. Les 100 emplacements restants sont des emplacements de m\u00e9moire inscriptibles. Les cartes m\u00e9moire enfichables contiennent chacune 100 programmes d&#8217;effets suppl\u00e9mentaires.<\/p>\n<p>Configuration d&#8217;effet en trois \u00e9tapes<\/p>\n<p>En plus des effets principaux, le SPX990 fournit des pr\u00e9 et post-effets programmables qui peuvent \u00eatre utilis\u00e9s pour affiner et peaufiner votre son.<\/p>\n<p>Puissance de programmation approfondie<\/p>\n<p>Le SPX990 dispose de 4 pr\u00e9-effets programmables, 36 effets principaux programmables et 3 post-effets programmables.<\/p>\n<p>Programmation du temps de retard bas\u00e9 sur le tempo<\/p>\n<p>Les param\u00e8tres de temps de retard peuvent \u00eatre programm\u00e9s en termes de tempo ou de longueur de note. Le temps de retard peut \u00e9galement \u00eatre entr\u00e9 via une p\u00e9dale ou des donn\u00e9es d&#8217;horloge MIDI.<\/p>\n<p>Pr\u00e9cision de hauteur sup\u00e9rieure<\/p>\n<p>Le SPX990 r\u00e9alise un suivi de hauteur sans faille gr\u00e2ce \u00e0 une nouvelle technique d&#8217;analyse de forme d&#8217;onde dynamique. En plus du simple suivi de hauteur parall\u00e8le, le changement de hauteur &#8220;intelligent&#8221; du SPX990 cr\u00e9e une harmonie appropri\u00e9e bas\u00e9e sur une cl\u00e9 et un type d&#8217;\u00e9chelle sp\u00e9cifi\u00e9s.<\/p>\n<p>Contr\u00f4le des param\u00e8tres externes<\/p>\n<p>Le SPX990 permet d&#8217;affecter deux param\u00e8tres s\u00e9lectionn\u00e9s de chaque programme \u00e0 deux contr\u00f4leurs MIDI externes.<\/p>\n<p>MIDI Control<\/p>\n<p>Le SPX990 permet la s\u00e9lection MIDI de tous les programmes et le contr\u00f4le en temps r\u00e9el de jusqu&#8217;\u00e0 deux param\u00e8tres d&#8217;effet s\u00e9lectionn\u00e9s en m\u00eame temps.<\/p>\n<ul>\n<li>4 pr\u00e9-effets<\/li>\n<li>1. PEQ 3 bandes *1, 2. Compresseur *1, 3. Harmonic Driver *1, 4. Compresseur, Dist. et EQ *3 *1= 2 IN &#8211; 2 OUT, *2 = 1 IN &#8211; 2 OUT, *3 = 1 IN, 1 OUT<\/li>\n<li>36 effets principaux : r\u00e9verb\u00e9ration, premi\u00e8res r\u00e9flexions, retard et \u00e9cho, modulation<\/li>\n<li>REVERB\u00a0: R\u00e9verb\u00e9ration *2, R\u00e9verb\u00e9ration filtr\u00e9e *2, R\u00e9verb\u00e9ration st\u00e9r\u00e9o *1, Echo Room *2\u00a0; R\u00c9FLEXIONS PREMI\u00c8RES\u00a0: R\u00e9flexion pr\u00e9coce fine *2, R\u00e9flexion pr\u00e9coce grasse *2, Gate Reverb *2, Reverse Gate *2\u00a0; DELAY et ECHO : Delay L, C, R *2, Echo *2, Multi Tap Delay *2, Stereo Echo *1, Tempo Mono Echo *2, Tempo Stereo Echo *1, Tempo Quad Echo *1 ; MODULATION : Flanger *1, Dual Flanger *1, FM Chorus *1, AM Chorus *1, Phaser *1, Symphonic *1 *1 = 2 IN &#8211; 2 OUT, *2 = 1 IN &#8211; 2 OUT, *3 = 1 ENTR\u00c9E, 1 SORTIE<\/li>\n<li>Suite des effets principaux\u00a0: changement de hauteur, panoramique, effets complexes, gel<\/li>\n<li>CHANGEMENT DE PITCH : Changement de pitch mono *3, Chance de pitch double *2, Chance de pitch triple *2, Changement de pitch st\u00e9r\u00e9o *1 ; PAN : Panoramique automatique *2, Panoramique d\u00e9clench\u00e9 *2 ; EFFETS COMPLEXES : Chorus et Reverb *2, Symphonic et Reverb *2, Flanger et Reverb *2, Reverb (L) \/ Reverb (R) *1, ER (L)\/ Reverb (R) *1, Echo (L) \/ R\u00e9verb\u00e9ration (R) *1, Chorus (L) \/ R\u00e9verb\u00e9ration (R) *1, Panoramique (L) \/ Panoramique (R) *1\u00a0; GEL: Geler *3 *1= 2 IN &#8211; 2 OUT, *2 = 1 IN &#8211; 2 OUT, *3 = 1 IN &#8211; 1 OUT<\/li>\n<li>3 post-effets<\/li>\n<li>1. PEQ 3 bandes *1 ; 2. Compresseur * 1, pilote harmonique * 1 * 1 = 2 IN &#8211; 2 OUT<\/li>\n<\/ul>\n","protected":false},"excerpt":{"rendered":"<p>Le SPX990 dispose de 4 pr\u00e9-effets programmables, 36 effets principaux programmables et 3 post-effets programmables.<\/p>\n","protected":false},"featured_media":187,"comment_status":"open","ping_status":"closed","template":"","meta":[],"product_brand":[],"product_cat":[50,56],"product_tag":[75],"class_list":{"0":"post-185","1":"product","2":"type-product","3":"status-publish","4":"has-post-thumbnail","6":"product_cat-sonorisation","7":"product_cat-traitement-de-son","8":"product_tag-traitement-de-son","10":"first","11":"instock","12":"taxable","13":"shipping-taxable","14":"product-type-simple"},"yoast_head":"<!-- This site is optimized with the Yoast SEO plugin v27.4 - https:\/\/yoast.com\/product\/yoast-seo-wordpress\/ -->\n<title>location-sonorisation<\/title>\n<meta name=\"description\" content=\"Produit-location-sonorisation-global acoustic-Plus de 30 ans d\u2019exp\u00e9rience \u00e0 votre service.\" \/>\n<meta name=\"robots\" content=\"index, follow, max-snippet:-1, max-image-preview:large, max-video-preview:-1\" \/>\n<link rel=\"canonical\" href=\"https:\/\/globalacoustic.fr\/index.php\/produit\/reverb-yamaha-spx990-professional-multi-effect-processor\/\" \/>\n<meta property=\"og:locale\" content=\"en_US\" \/>\n<meta property=\"og:type\" content=\"article\" \/>\n<meta property=\"og:title\" content=\"location-sonorisation\" \/>\n<meta property=\"og:description\" content=\"Produit-location-sonorisation-global acoustic-Plus de 30 ans d\u2019exp\u00e9rience \u00e0 votre service.\" \/>\n<meta property=\"og:url\" content=\"https:\/\/globalacoustic.fr\/index.php\/produit\/reverb-yamaha-spx990-professional-multi-effect-processor\/\" \/>\n<meta property=\"og:site_name\" content=\"Global Acoustic\" \/>\n<meta property=\"article:publisher\" content=\"https:\/\/m.facebook.com\/p\/Global-Acoustic-100070827399345\/\" \/>\n<meta property=\"article:modified_time\" content=\"2022-04-28T07:15:24+00:00\" \/>\n<meta property=\"og:image\" content=\"https:\/\/globalacoustic.fr\/wp-content\/uploads\/2022\/04\/Reverb-Yamaha-SPX990.webp\" \/>\n\t<meta property=\"og:image:width\" content=\"1280\" \/>\n\t<meta property=\"og:image:height\" content=\"720\" \/>\n\t<meta property=\"og:image:type\" content=\"image\/webp\" \/>\n<meta name=\"twitter:card\" content=\"summary_large_image\" \/>\n<meta name=\"twitter:label1\" content=\"Est. reading time\" \/>\n\t<meta name=\"twitter:data1\" content=\"3 minutes\" \/>\n<script type=\"application\/ld+json\" class=\"yoast-schema-graph\">{\"@context\":\"https:\\\/\\\/schema.org\",\"@graph\":[{\"@type\":\"WebPage\",\"@id\":\"https:\\\/\\\/globalacoustic.fr\\\/index.php\\\/produit\\\/reverb-yamaha-spx990-professional-multi-effect-processor\\\/\",\"url\":\"https:\\\/\\\/globalacoustic.fr\\\/index.php\\\/produit\\\/reverb-yamaha-spx990-professional-multi-effect-processor\\\/\",\"name\":\"location-sonorisation\",\"isPartOf\":{\"@id\":\"https:\\\/\\\/globalacoustic.fr\\\/#website\"},\"primaryImageOfPage\":{\"@id\":\"https:\\\/\\\/globalacoustic.fr\\\/index.php\\\/produit\\\/reverb-yamaha-spx990-professional-multi-effect-processor\\\/#primaryimage\"},\"image\":{\"@id\":\"https:\\\/\\\/globalacoustic.fr\\\/index.php\\\/produit\\\/reverb-yamaha-spx990-professional-multi-effect-processor\\\/#primaryimage\"},\"thumbnailUrl\":\"https:\\\/\\\/globalacoustic.fr\\\/wp-content\\\/uploads\\\/2022\\\/04\\\/Reverb-Yamaha-SPX990.webp\",\"datePublished\":\"2022-04-28T07:14:20+00:00\",\"dateModified\":\"2022-04-28T07:15:24+00:00\",\"description\":\"Produit-location-sonorisation-global acoustic-Plus de 30 ans d\u2019exp\u00e9rience \u00e0 votre service.\",\"breadcrumb\":{\"@id\":\"https:\\\/\\\/globalacoustic.fr\\\/index.php\\\/produit\\\/reverb-yamaha-spx990-professional-multi-effect-processor\\\/#breadcrumb\"},\"inLanguage\":\"en-US\",\"potentialAction\":[{\"@type\":\"ReadAction\",\"target\":[\"https:\\\/\\\/globalacoustic.fr\\\/index.php\\\/produit\\\/reverb-yamaha-spx990-professional-multi-effect-processor\\\/\"]}]},{\"@type\":\"ImageObject\",\"inLanguage\":\"en-US\",\"@id\":\"https:\\\/\\\/globalacoustic.fr\\\/index.php\\\/produit\\\/reverb-yamaha-spx990-professional-multi-effect-processor\\\/#primaryimage\",\"url\":\"https:\\\/\\\/globalacoustic.fr\\\/wp-content\\\/uploads\\\/2022\\\/04\\\/Reverb-Yamaha-SPX990.webp\",\"contentUrl\":\"https:\\\/\\\/globalacoustic.fr\\\/wp-content\\\/uploads\\\/2022\\\/04\\\/Reverb-Yamaha-SPX990.webp\",\"width\":1280,\"height\":720},{\"@type\":\"BreadcrumbList\",\"@id\":\"https:\\\/\\\/globalacoustic.fr\\\/index.php\\\/produit\\\/reverb-yamaha-spx990-professional-multi-effect-processor\\\/#breadcrumb\",\"itemListElement\":[{\"@type\":\"ListItem\",\"position\":1,\"name\":\"Accueil\",\"item\":\"https:\\\/\\\/globalacoustic.fr\\\/\"},{\"@type\":\"ListItem\",\"position\":2,\"name\":\"Location\",\"item\":\"https:\\\/\\\/globalacoustic.fr\\\/index.php\\\/location\\\/\"},{\"@type\":\"ListItem\",\"position\":3,\"name\":\"Reverb Yamaha SPX990 Professional Multi-Effect Processor\"}]},{\"@type\":\"WebSite\",\"@id\":\"https:\\\/\\\/globalacoustic.fr\\\/#website\",\"url\":\"https:\\\/\\\/globalacoustic.fr\\\/\",\"name\":\"Global Acoustic\",\"description\":\"Le bon choix, au bon moment. Global Acoustic\",\"publisher\":{\"@id\":\"https:\\\/\\\/globalacoustic.fr\\\/#organization\"},\"alternateName\":\"globalacoustic.fr\",\"potentialAction\":[{\"@type\":\"SearchAction\",\"target\":{\"@type\":\"EntryPoint\",\"urlTemplate\":\"https:\\\/\\\/globalacoustic.fr\\\/?s={search_term_string}\"},\"query-input\":{\"@type\":\"PropertyValueSpecification\",\"valueRequired\":true,\"valueName\":\"search_term_string\"}}],\"inLanguage\":\"en-US\"},{\"@type\":\"Organization\",\"@id\":\"https:\\\/\\\/globalacoustic.fr\\\/#organization\",\"name\":\"Global Acoustic\",\"url\":\"https:\\\/\\\/globalacoustic.fr\\\/\",\"logo\":{\"@type\":\"ImageObject\",\"inLanguage\":\"en-US\",\"@id\":\"https:\\\/\\\/globalacoustic.fr\\\/#\\\/schema\\\/logo\\\/image\\\/\",\"url\":\"https:\\\/\\\/globalacoustic.fr\\\/wp-content\\\/uploads\\\/2022\\\/04\\\/cropped-logo-global-acoustic.jpg\",\"contentUrl\":\"https:\\\/\\\/globalacoustic.fr\\\/wp-content\\\/uploads\\\/2022\\\/04\\\/cropped-logo-global-acoustic.jpg\",\"width\":1080,\"height\":398,\"caption\":\"Global Acoustic\"},\"image\":{\"@id\":\"https:\\\/\\\/globalacoustic.fr\\\/#\\\/schema\\\/logo\\\/image\\\/\"},\"sameAs\":[\"https:\\\/\\\/m.facebook.com\\\/p\\\/Global-Acoustic-100070827399345\\\/\"]}]}<\/script>\n<!-- \/ Yoast SEO plugin. -->","yoast_head_json":{"title":"location-sonorisation","description":"Produit-location-sonorisation-global acoustic-Plus de 30 ans d\u2019exp\u00e9rience \u00e0 votre service.","robots":{"index":"index","follow":"follow","max-snippet":"max-snippet:-1","max-image-preview":"max-image-preview:large","max-video-preview":"max-video-preview:-1"},"canonical":"https:\/\/globalacoustic.fr\/index.php\/produit\/reverb-yamaha-spx990-professional-multi-effect-processor\/","og_locale":"en_US","og_type":"article","og_title":"location-sonorisation","og_description":"Produit-location-sonorisation-global acoustic-Plus de 30 ans d\u2019exp\u00e9rience \u00e0 votre service.","og_url":"https:\/\/globalacoustic.fr\/index.php\/produit\/reverb-yamaha-spx990-professional-multi-effect-processor\/","og_site_name":"Global Acoustic","article_publisher":"https:\/\/m.facebook.com\/p\/Global-Acoustic-100070827399345\/","article_modified_time":"2022-04-28T07:15:24+00:00","og_image":[{"width":1280,"height":720,"url":"https:\/\/globalacoustic.fr\/wp-content\/uploads\/2022\/04\/Reverb-Yamaha-SPX990.webp","type":"image\/webp"}],"twitter_card":"summary_large_image","twitter_misc":{"Est. reading time":"3 minutes"},"schema":{"@context":"https:\/\/schema.org","@graph":[{"@type":"WebPage","@id":"https:\/\/globalacoustic.fr\/index.php\/produit\/reverb-yamaha-spx990-professional-multi-effect-processor\/","url":"https:\/\/globalacoustic.fr\/index.php\/produit\/reverb-yamaha-spx990-professional-multi-effect-processor\/","name":"location-sonorisation","isPartOf":{"@id":"https:\/\/globalacoustic.fr\/#website"},"primaryImageOfPage":{"@id":"https:\/\/globalacoustic.fr\/index.php\/produit\/reverb-yamaha-spx990-professional-multi-effect-processor\/#primaryimage"},"image":{"@id":"https:\/\/globalacoustic.fr\/index.php\/produit\/reverb-yamaha-spx990-professional-multi-effect-processor\/#primaryimage"},"thumbnailUrl":"https:\/\/globalacoustic.fr\/wp-content\/uploads\/2022\/04\/Reverb-Yamaha-SPX990.webp","datePublished":"2022-04-28T07:14:20+00:00","dateModified":"2022-04-28T07:15:24+00:00","description":"Produit-location-sonorisation-global acoustic-Plus de 30 ans d\u2019exp\u00e9rience \u00e0 votre service.","breadcrumb":{"@id":"https:\/\/globalacoustic.fr\/index.php\/produit\/reverb-yamaha-spx990-professional-multi-effect-processor\/#breadcrumb"},"inLanguage":"en-US","potentialAction":[{"@type":"ReadAction","target":["https:\/\/globalacoustic.fr\/index.php\/produit\/reverb-yamaha-spx990-professional-multi-effect-processor\/"]}]},{"@type":"ImageObject","inLanguage":"en-US","@id":"https:\/\/globalacoustic.fr\/index.php\/produit\/reverb-yamaha-spx990-professional-multi-effect-processor\/#primaryimage","url":"https:\/\/globalacoustic.fr\/wp-content\/uploads\/2022\/04\/Reverb-Yamaha-SPX990.webp","contentUrl":"https:\/\/globalacoustic.fr\/wp-content\/uploads\/2022\/04\/Reverb-Yamaha-SPX990.webp","width":1280,"height":720},{"@type":"BreadcrumbList","@id":"https:\/\/globalacoustic.fr\/index.php\/produit\/reverb-yamaha-spx990-professional-multi-effect-processor\/#breadcrumb","itemListElement":[{"@type":"ListItem","position":1,"name":"Accueil","item":"https:\/\/globalacoustic.fr\/"},{"@type":"ListItem","position":2,"name":"Location","item":"https:\/\/globalacoustic.fr\/index.php\/location\/"},{"@type":"ListItem","position":3,"name":"Reverb Yamaha SPX990 Professional Multi-Effect Processor"}]},{"@type":"WebSite","@id":"https:\/\/globalacoustic.fr\/#website","url":"https:\/\/globalacoustic.fr\/","name":"Global Acoustic","description":"Le bon choix, au bon moment. Global Acoustic","publisher":{"@id":"https:\/\/globalacoustic.fr\/#organization"},"alternateName":"globalacoustic.fr","potentialAction":[{"@type":"SearchAction","target":{"@type":"EntryPoint","urlTemplate":"https:\/\/globalacoustic.fr\/?s={search_term_string}"},"query-input":{"@type":"PropertyValueSpecification","valueRequired":true,"valueName":"search_term_string"}}],"inLanguage":"en-US"},{"@type":"Organization","@id":"https:\/\/globalacoustic.fr\/#organization","name":"Global Acoustic","url":"https:\/\/globalacoustic.fr\/","logo":{"@type":"ImageObject","inLanguage":"en-US","@id":"https:\/\/globalacoustic.fr\/#\/schema\/logo\/image\/","url":"https:\/\/globalacoustic.fr\/wp-content\/uploads\/2022\/04\/cropped-logo-global-acoustic.jpg","contentUrl":"https:\/\/globalacoustic.fr\/wp-content\/uploads\/2022\/04\/cropped-logo-global-acoustic.jpg","width":1080,"height":398,"caption":"Global Acoustic"},"image":{"@id":"https:\/\/globalacoustic.fr\/#\/schema\/logo\/image\/"},"sameAs":["https:\/\/m.facebook.com\/p\/Global-Acoustic-100070827399345\/"]}]}},"jetpack_sharing_enabled":true,"_links":{"self":[{"href":"https:\/\/globalacoustic.fr\/index.php\/wp-json\/wp\/v2\/product\/185","targetHints":{"allow":["GET"]}}],"collection":[{"href":"https:\/\/globalacoustic.fr\/index.php\/wp-json\/wp\/v2\/product"}],"about":[{"href":"https:\/\/globalacoustic.fr\/index.php\/wp-json\/wp\/v2\/types\/product"}],"replies":[{"embeddable":true,"href":"https:\/\/globalacoustic.fr\/index.php\/wp-json\/wp\/v2\/comments?post=185"}],"wp:featuredmedia":[{"embeddable":true,"href":"https:\/\/globalacoustic.fr\/index.php\/wp-json\/wp\/v2\/media\/187"}],"wp:attachment":[{"href":"https:\/\/globalacoustic.fr\/index.php\/wp-json\/wp\/v2\/media?parent=185"}],"wp:term":[{"taxonomy":"product_brand","embeddable":true,"href":"https:\/\/globalacoustic.fr\/index.php\/wp-json\/wp\/v2\/product_brand?post=185"},{"taxonomy":"product_cat","embeddable":true,"href":"https:\/\/globalacoustic.fr\/index.php\/wp-json\/wp\/v2\/product_cat?post=185"},{"taxonomy":"product_tag","embeddable":true,"href":"https:\/\/globalacoustic.fr\/index.php\/wp-json\/wp\/v2\/product_tag?post=185"}],"curies":[{"name":"wp","href":"https:\/\/api.w.org\/{rel}","templated":true}]}}