{"id":200,"date":"2022-04-28T09:43:29","date_gmt":"2022-04-28T07:43:29","guid":{"rendered":"https:\/\/globalacoustic.fr\/?post_type=product&#038;p=200"},"modified":"2022-04-29T08:21:57","modified_gmt":"2022-04-29T06:21:57","slug":"powersoft-digam-5000-processeur","status":"publish","type":"product","link":"https:\/\/globalacoustic.fr\/index.php\/produit\/powersoft-digam-5000-processeur\/","title":{"rendered":"Powersoft Digam 5000 + Processeur"},"content":{"rendered":"<p><span dir=\"ltr\" role=\"presentation\"><strong>DIGAM 5000 :<\/strong><br \/>\n<\/span><br role=\"presentation\" \/><strong><span dir=\"ltr\" role=\"presentation\">G\u00e9n\u00e9ralit\u00e9s :<\/span><\/strong><br role=\"presentation\" \/><span dir=\"ltr\" role=\"presentation\">Type :<\/span> <span dir=\"ltr\" role=\"presentation\">Amplificateur digital professionnel<\/span><br role=\"presentation\" \/><span dir=\"ltr\" role=\"presentation\">Alimentation :<\/span> <span dir=\"ltr\" role=\"presentation\">200 V-265 V alternatif, 50\/60 Hz<\/span><br role=\"presentation\" \/><span dir=\"ltr\" role=\"presentation\">Consommation \u00e9lectrique<\/span> <span dir=\"ltr\" role=\"presentation\">3400 VA, 4 Ohms, st\u00e9r\u00e9o \u00e0 pleine puissance<\/span><br role=\"presentation\" \/><span dir=\"ltr\" role=\"presentation\">Facteur de puissance :<\/span> <span dir=\"ltr\" role=\"presentation\">&gt; \u00e0 0.95 de 200 W \u00e0 5000 W<\/span><br role=\"presentation\" \/><span dir=\"ltr\" role=\"presentation\">Temp\u00e9rature de fonctionnement :<\/span> <span dir=\"ltr\" role=\"presentation\">0\u00b0C \u00e0 45\u00b0C<\/span><br role=\"presentation\" \/><span dir=\"ltr\" role=\"presentation\">Poids :<\/span> <span dir=\"ltr\" role=\"presentation\">9.5 kg<br \/>\n<\/span><span dir=\"ltr\" role=\"presentation\">Dimensions ext\u00e9rieures :<\/span> <span dir=\"ltr\" role=\"presentation\">19 pouces (L) x 1U (H) x 450 mm (P)<br \/>\n<\/span><br role=\"presentation\" \/><strong><span dir=\"ltr\" role=\"presentation\">Section audio :<\/span><\/strong><br role=\"presentation\" \/><span dir=\"ltr\" role=\"presentation\">Puissance efficace x Canal (1 kHz, DHT 0,5 %)<\/span> <span dir=\"ltr\" role=\"presentation\">8<\/span> <span dir=\"ltr\" role=\"presentation\">\u2126<\/span> <span dir=\"ltr\" role=\"presentation\">= 750 W<\/span><br role=\"presentation\" \/><span dir=\"ltr\" role=\"presentation\">4<\/span> <span dir=\"ltr\" role=\"presentation\">\u2126<\/span> <span dir=\"ltr\" role=\"presentation\">= 1360 W<\/span><br role=\"presentation\" \/><span dir=\"ltr\" role=\"presentation\">2<\/span> <span dir=\"ltr\" role=\"presentation\">\u2126<\/span> <span dir=\"ltr\" role=\"presentation\">= 2050 W<\/span><br role=\"presentation\" \/><span dir=\"ltr\" role=\"presentation\">Puissance efficace x Canal en mode st\u00e9r\u00e9o (1<\/span> <span dir=\"ltr\" role=\"presentation\">kHz, DHT 0,5 %)<\/span> <span dir=\"ltr\" role=\"presentation\">8<\/span> <span dir=\"ltr\" role=\"presentation\">\u2126<\/span> <span dir=\"ltr\" role=\"presentation\">= 750 W<\/span><br role=\"presentation\" \/><span dir=\"ltr\" role=\"presentation\">4<\/span> <span dir=\"ltr\" role=\"presentation\">\u2126<\/span> <span dir=\"ltr\" role=\"presentation\">= 1360 W<\/span><br role=\"presentation\" \/><span dir=\"ltr\" role=\"presentation\">2<\/span> <span dir=\"ltr\" role=\"presentation\">\u2126<\/span> <span dir=\"ltr\" role=\"presentation\">= 2500 W, DHT 1 % EIAJ<\/span><br role=\"presentation\" \/><span dir=\"ltr\" role=\"presentation\">Bande passante (1 W, 8<\/span> <span dir=\"ltr\" role=\"presentation\">\u2126<\/span><span dir=\"ltr\" role=\"presentation\">)<\/span> <span dir=\"ltr\" role=\"presentation\">10 Hz \u00e0 40 kHz<\/span><br role=\"presentation\" \/><span dir=\"ltr\" role=\"presentation\">Facteur d&#8217;amortissement (8<\/span> <span dir=\"ltr\" role=\"presentation\">\u2126<\/span><span dir=\"ltr\" role=\"presentation\">)<\/span> <span dir=\"ltr\" role=\"presentation\">100 Hz = 300<\/span><span dir=\"ltr\" role=\"presentation\">10 kHz = 300<\/span><br role=\"presentation\" \/><span dir=\"ltr\" role=\"presentation\">Temps de mont\u00e9e (8<\/span> <span dir=\"ltr\" role=\"presentation\">\u2126<\/span><span dir=\"ltr\" role=\"presentation\">)<\/span> <span dir=\"ltr\" role=\"presentation\">50 V\/\u03bcs (filtre \u00e0 l&#8217;en tr\u00e9e d\u00e9sactiv\u00e9)<\/span><br role=\"presentation\" \/><span dir=\"ltr\" role=\"presentation\">Rapport signal\/bruit<\/span> <span dir=\"ltr\" role=\"presentation\">100 dB\/A<br \/>\n<\/span><br role=\"presentation\" \/><strong><span dir=\"ltr\" role=\"presentation\">Distorsion :<\/span><\/strong><br role=\"presentation\" \/><span dir=\"ltr\" role=\"presentation\">DHT :<\/span> <span dir=\"ltr\" role=\"presentation\">&lt;0,5 % max. de 0,1 W \u00e0 la pleine puissance (typique<\/span><span dir=\"ltr\" role=\"presentation\">&lt;0,1 %)<\/span><br role=\"presentation\" \/><span dir=\"ltr\" role=\"presentation\">SMPTE intermodulation :<\/span> <span dir=\"ltr\" role=\"presentation\">&lt;0,5 % max. de 0,1 W \u00e0 la pleine puissance (typique<\/span><span dir=\"ltr\" role=\"presentation\">&lt;0,1 %)<\/span><br role=\"presentation\" \/><span dir=\"ltr\" role=\"presentation\">DIM 100 intermodulation :<\/span> <span dir=\"ltr\" role=\"presentation\">&lt;0,02 % max. de 0,1 W \u00e0 la pleine puissance (typique<\/span><span dir=\"ltr\" role=\"presentation\">&lt;0,1 %)<\/span><br role=\"presentation\" \/><span dir=\"ltr\" role=\"presentation\">Entr\u00e9es :\u00a0<\/span> <span dir=\"ltr\" role=\"presentation\">Sym\u00e9triques \u00e0 la masse, XLR m\u00e2le et femelle en parall\u00e8le\u00a0 <\/span><span dir=\"ltr\" role=\"presentation\">10 k<\/span><span dir=\"ltr\" role=\"presentation\">\u2126<\/span> <span dir=\"ltr\" role=\"presentation\">par canal, sym\u00e9trique \u00e0 la masse<\/span><br role=\"presentation\" \/><span dir=\"ltr\" role=\"presentation\">Sensibilit\u00e9 [Gain]<\/span> : <span dir=\"ltr\" role=\"presentation\">1.10 V [+36.9dB] (en pleine puissance, 8<\/span> <span dir=\"ltr\" role=\"presentation\">\u2126<\/span><span dir=\"ltr\" role=\"presentation\">) ou [+26dB] <\/span><span dir=\"ltr\" role=\"presentation\">R\u00e9glages internes <\/span><br role=\"presentation\" \/><span dir=\"ltr\" role=\"presentation\">Sorties :<\/span> <span dir=\"ltr\" role=\"presentation\">Sur connecteurs Neutrik Speakon 4 broches (broche 1+2+<\/span><span dir=\"ltr\" role=\"presentation\">en parall\u00e8le, broche 1-2- en parall\u00e8le)<br \/>\n<\/span><br role=\"presentation\" \/><strong><span dir=\"ltr\" role=\"presentation\">Fonctions :<\/span><\/strong><br role=\"presentation\" \/><span dir=\"ltr\" role=\"presentation\">\u2022<\/span> <span dir=\"ltr\" role=\"presentation\">T\u00e9moin de fr\u00e9quence aigus<\/span><br role=\"presentation\" \/><span dir=\"ltr\" role=\"presentation\">\u2022<\/span> <span dir=\"ltr\" role=\"presentation\">Afficheurs de niveau de sortie \u00e0 leds<\/span><br role=\"presentation\" \/><span dir=\"ltr\" role=\"presentation\">\u2022<\/span> <span dir=\"ltr\" role=\"presentation\">Circuit de protection contre la surchauffe<\/span><br role=\"presentation\" \/><span dir=\"ltr\" role=\"presentation\">\u2022<\/span> <span dir=\"ltr\" role=\"presentation\">Potentiom\u00e8tres de gain<\/span><br role=\"presentation\" \/><span dir=\"ltr\" role=\"presentation\">\u2022<\/span> <span dir=\"ltr\" role=\"presentation\">Protection contre les courts-circuits et contre les surcharge en sortie<\/span><br role=\"presentation\" \/><span dir=\"ltr\" role=\"presentation\">\u2022<\/span> <span dir=\"ltr\" role=\"presentation\">R\u00e9glage automatique de la ventilation en fonction de la chaleur<\/span><br role=\"presentation\" \/><span dir=\"ltr\" role=\"presentation\">\u2022<\/span> <span dir=\"ltr\" role=\"presentation\">Syst\u00e8me de r\u00e9initialisation automatique<\/span><br role=\"presentation\" \/><span dir=\"ltr\" role=\"presentation\">\u2022<\/span> <span dir=\"ltr\" role=\"presentation\">Limiteur de cr\u00eate et compresseur de signal permanent<\/span><br role=\"presentation\" \/><span dir=\"ltr\" role=\"presentation\">\u2022<\/span> <span dir=\"ltr\" role=\"presentation\">Affichage alphanum\u00e9rique pour la manipulation locale de<\/span><br role=\"presentation\" \/><span dir=\"ltr\" role=\"presentation\">l&#8217;amplificateur (en option)<\/span><\/p>\n","protected":false},"excerpt":{"rendered":"<p><strong>DIGAM 5000 <\/strong><\/p>\n<p>2\u00d7750 Watts 8 Ohms<br \/>\n2\u00d71360 Watts 4 Ohms<br \/>\n2\u00d72050 Watts 2 Ohms<br \/>\nDHT 0,5 % PROCESSOR BSS<br \/>\nPoids <span class=\"picto suitecase\">10.0 Kg<\/span><\/p>\n","protected":false},"featured_media":202,"comment_status":"open","ping_status":"closed","template":"","meta":[],"product_brand":[],"product_cat":[51,50],"product_tag":[76],"class_list":{"0":"post-200","1":"product","2":"type-product","3":"status-publish","4":"has-post-thumbnail","6":"product_cat-amplification","7":"product_cat-sonorisation","8":"product_tag-amplification","10":"first","11":"instock","12":"taxable","13":"shipping-taxable","14":"product-type-simple"},"yoast_head":"<!-- This site is optimized with the Yoast SEO plugin v27.4 - https:\/\/yoast.com\/product\/yoast-seo-wordpress\/ -->\n<title>location-sonorisation<\/title>\n<meta name=\"description\" content=\"Produit-location-sonorisation-global acoustic-Plus de 30 ans d\u2019exp\u00e9rience \u00e0 votre service.\" \/>\n<meta name=\"robots\" content=\"index, follow, max-snippet:-1, max-image-preview:large, max-video-preview:-1\" \/>\n<link rel=\"canonical\" href=\"https:\/\/globalacoustic.fr\/index.php\/produit\/powersoft-digam-5000-processeur\/\" \/>\n<meta property=\"og:locale\" content=\"en_US\" \/>\n<meta property=\"og:type\" content=\"article\" \/>\n<meta property=\"og:title\" content=\"location-sonorisation\" \/>\n<meta property=\"og:description\" content=\"Produit-location-sonorisation-global acoustic-Plus de 30 ans d\u2019exp\u00e9rience \u00e0 votre service.\" \/>\n<meta property=\"og:url\" content=\"https:\/\/globalacoustic.fr\/index.php\/produit\/powersoft-digam-5000-processeur\/\" \/>\n<meta property=\"og:site_name\" content=\"Global Acoustic\" \/>\n<meta property=\"article:publisher\" content=\"https:\/\/m.facebook.com\/p\/Global-Acoustic-100070827399345\/\" \/>\n<meta property=\"article:modified_time\" content=\"2022-04-29T06:21:57+00:00\" \/>\n<meta property=\"og:image\" content=\"https:\/\/globalacoustic.fr\/wp-content\/uploads\/2022\/04\/Ampli-Powersoft-Digam-5000.jpg\" \/>\n\t<meta property=\"og:image:width\" content=\"875\" \/>\n\t<meta property=\"og:image:height\" content=\"451\" \/>\n\t<meta property=\"og:image:type\" content=\"image\/jpeg\" \/>\n<meta name=\"twitter:card\" content=\"summary_large_image\" \/>\n<meta name=\"twitter:label1\" content=\"Est. reading time\" \/>\n\t<meta name=\"twitter:data1\" content=\"1 minute\" \/>\n<script type=\"application\/ld+json\" class=\"yoast-schema-graph\">{\"@context\":\"https:\\\/\\\/schema.org\",\"@graph\":[{\"@type\":\"WebPage\",\"@id\":\"https:\\\/\\\/globalacoustic.fr\\\/index.php\\\/produit\\\/powersoft-digam-5000-processeur\\\/\",\"url\":\"https:\\\/\\\/globalacoustic.fr\\\/index.php\\\/produit\\\/powersoft-digam-5000-processeur\\\/\",\"name\":\"location-sonorisation\",\"isPartOf\":{\"@id\":\"https:\\\/\\\/globalacoustic.fr\\\/#website\"},\"primaryImageOfPage\":{\"@id\":\"https:\\\/\\\/globalacoustic.fr\\\/index.php\\\/produit\\\/powersoft-digam-5000-processeur\\\/#primaryimage\"},\"image\":{\"@id\":\"https:\\\/\\\/globalacoustic.fr\\\/index.php\\\/produit\\\/powersoft-digam-5000-processeur\\\/#primaryimage\"},\"thumbnailUrl\":\"https:\\\/\\\/globalacoustic.fr\\\/wp-content\\\/uploads\\\/2022\\\/04\\\/Ampli-Powersoft-Digam-5000.jpg\",\"datePublished\":\"2022-04-28T07:43:29+00:00\",\"dateModified\":\"2022-04-29T06:21:57+00:00\",\"description\":\"Produit-location-sonorisation-global acoustic-Plus de 30 ans d\u2019exp\u00e9rience \u00e0 votre service.\",\"breadcrumb\":{\"@id\":\"https:\\\/\\\/globalacoustic.fr\\\/index.php\\\/produit\\\/powersoft-digam-5000-processeur\\\/#breadcrumb\"},\"inLanguage\":\"en-US\",\"potentialAction\":[{\"@type\":\"ReadAction\",\"target\":[\"https:\\\/\\\/globalacoustic.fr\\\/index.php\\\/produit\\\/powersoft-digam-5000-processeur\\\/\"]}]},{\"@type\":\"ImageObject\",\"inLanguage\":\"en-US\",\"@id\":\"https:\\\/\\\/globalacoustic.fr\\\/index.php\\\/produit\\\/powersoft-digam-5000-processeur\\\/#primaryimage\",\"url\":\"https:\\\/\\\/globalacoustic.fr\\\/wp-content\\\/uploads\\\/2022\\\/04\\\/Ampli-Powersoft-Digam-5000.jpg\",\"contentUrl\":\"https:\\\/\\\/globalacoustic.fr\\\/wp-content\\\/uploads\\\/2022\\\/04\\\/Ampli-Powersoft-Digam-5000.jpg\",\"width\":875,\"height\":451},{\"@type\":\"BreadcrumbList\",\"@id\":\"https:\\\/\\\/globalacoustic.fr\\\/index.php\\\/produit\\\/powersoft-digam-5000-processeur\\\/#breadcrumb\",\"itemListElement\":[{\"@type\":\"ListItem\",\"position\":1,\"name\":\"Accueil\",\"item\":\"https:\\\/\\\/globalacoustic.fr\\\/\"},{\"@type\":\"ListItem\",\"position\":2,\"name\":\"Location\",\"item\":\"https:\\\/\\\/globalacoustic.fr\\\/index.php\\\/location\\\/\"},{\"@type\":\"ListItem\",\"position\":3,\"name\":\"Powersoft Digam 5000 + Processeur\"}]},{\"@type\":\"WebSite\",\"@id\":\"https:\\\/\\\/globalacoustic.fr\\\/#website\",\"url\":\"https:\\\/\\\/globalacoustic.fr\\\/\",\"name\":\"Global Acoustic\",\"description\":\"Le bon choix, au bon moment. Global Acoustic\",\"publisher\":{\"@id\":\"https:\\\/\\\/globalacoustic.fr\\\/#organization\"},\"alternateName\":\"globalacoustic.fr\",\"potentialAction\":[{\"@type\":\"SearchAction\",\"target\":{\"@type\":\"EntryPoint\",\"urlTemplate\":\"https:\\\/\\\/globalacoustic.fr\\\/?s={search_term_string}\"},\"query-input\":{\"@type\":\"PropertyValueSpecification\",\"valueRequired\":true,\"valueName\":\"search_term_string\"}}],\"inLanguage\":\"en-US\"},{\"@type\":\"Organization\",\"@id\":\"https:\\\/\\\/globalacoustic.fr\\\/#organization\",\"name\":\"Global Acoustic\",\"url\":\"https:\\\/\\\/globalacoustic.fr\\\/\",\"logo\":{\"@type\":\"ImageObject\",\"inLanguage\":\"en-US\",\"@id\":\"https:\\\/\\\/globalacoustic.fr\\\/#\\\/schema\\\/logo\\\/image\\\/\",\"url\":\"https:\\\/\\\/globalacoustic.fr\\\/wp-content\\\/uploads\\\/2022\\\/04\\\/cropped-logo-global-acoustic.jpg\",\"contentUrl\":\"https:\\\/\\\/globalacoustic.fr\\\/wp-content\\\/uploads\\\/2022\\\/04\\\/cropped-logo-global-acoustic.jpg\",\"width\":1080,\"height\":398,\"caption\":\"Global Acoustic\"},\"image\":{\"@id\":\"https:\\\/\\\/globalacoustic.fr\\\/#\\\/schema\\\/logo\\\/image\\\/\"},\"sameAs\":[\"https:\\\/\\\/m.facebook.com\\\/p\\\/Global-Acoustic-100070827399345\\\/\"]}]}<\/script>\n<!-- \/ Yoast SEO plugin. -->","yoast_head_json":{"title":"location-sonorisation","description":"Produit-location-sonorisation-global acoustic-Plus de 30 ans d\u2019exp\u00e9rience \u00e0 votre service.","robots":{"index":"index","follow":"follow","max-snippet":"max-snippet:-1","max-image-preview":"max-image-preview:large","max-video-preview":"max-video-preview:-1"},"canonical":"https:\/\/globalacoustic.fr\/index.php\/produit\/powersoft-digam-5000-processeur\/","og_locale":"en_US","og_type":"article","og_title":"location-sonorisation","og_description":"Produit-location-sonorisation-global acoustic-Plus de 30 ans d\u2019exp\u00e9rience \u00e0 votre service.","og_url":"https:\/\/globalacoustic.fr\/index.php\/produit\/powersoft-digam-5000-processeur\/","og_site_name":"Global Acoustic","article_publisher":"https:\/\/m.facebook.com\/p\/Global-Acoustic-100070827399345\/","article_modified_time":"2022-04-29T06:21:57+00:00","og_image":[{"width":875,"height":451,"url":"https:\/\/globalacoustic.fr\/wp-content\/uploads\/2022\/04\/Ampli-Powersoft-Digam-5000.jpg","type":"image\/jpeg"}],"twitter_card":"summary_large_image","twitter_misc":{"Est. reading time":"1 minute"},"schema":{"@context":"https:\/\/schema.org","@graph":[{"@type":"WebPage","@id":"https:\/\/globalacoustic.fr\/index.php\/produit\/powersoft-digam-5000-processeur\/","url":"https:\/\/globalacoustic.fr\/index.php\/produit\/powersoft-digam-5000-processeur\/","name":"location-sonorisation","isPartOf":{"@id":"https:\/\/globalacoustic.fr\/#website"},"primaryImageOfPage":{"@id":"https:\/\/globalacoustic.fr\/index.php\/produit\/powersoft-digam-5000-processeur\/#primaryimage"},"image":{"@id":"https:\/\/globalacoustic.fr\/index.php\/produit\/powersoft-digam-5000-processeur\/#primaryimage"},"thumbnailUrl":"https:\/\/globalacoustic.fr\/wp-content\/uploads\/2022\/04\/Ampli-Powersoft-Digam-5000.jpg","datePublished":"2022-04-28T07:43:29+00:00","dateModified":"2022-04-29T06:21:57+00:00","description":"Produit-location-sonorisation-global acoustic-Plus de 30 ans d\u2019exp\u00e9rience \u00e0 votre service.","breadcrumb":{"@id":"https:\/\/globalacoustic.fr\/index.php\/produit\/powersoft-digam-5000-processeur\/#breadcrumb"},"inLanguage":"en-US","potentialAction":[{"@type":"ReadAction","target":["https:\/\/globalacoustic.fr\/index.php\/produit\/powersoft-digam-5000-processeur\/"]}]},{"@type":"ImageObject","inLanguage":"en-US","@id":"https:\/\/globalacoustic.fr\/index.php\/produit\/powersoft-digam-5000-processeur\/#primaryimage","url":"https:\/\/globalacoustic.fr\/wp-content\/uploads\/2022\/04\/Ampli-Powersoft-Digam-5000.jpg","contentUrl":"https:\/\/globalacoustic.fr\/wp-content\/uploads\/2022\/04\/Ampli-Powersoft-Digam-5000.jpg","width":875,"height":451},{"@type":"BreadcrumbList","@id":"https:\/\/globalacoustic.fr\/index.php\/produit\/powersoft-digam-5000-processeur\/#breadcrumb","itemListElement":[{"@type":"ListItem","position":1,"name":"Accueil","item":"https:\/\/globalacoustic.fr\/"},{"@type":"ListItem","position":2,"name":"Location","item":"https:\/\/globalacoustic.fr\/index.php\/location\/"},{"@type":"ListItem","position":3,"name":"Powersoft Digam 5000 + Processeur"}]},{"@type":"WebSite","@id":"https:\/\/globalacoustic.fr\/#website","url":"https:\/\/globalacoustic.fr\/","name":"Global Acoustic","description":"Le bon choix, au bon moment. Global Acoustic","publisher":{"@id":"https:\/\/globalacoustic.fr\/#organization"},"alternateName":"globalacoustic.fr","potentialAction":[{"@type":"SearchAction","target":{"@type":"EntryPoint","urlTemplate":"https:\/\/globalacoustic.fr\/?s={search_term_string}"},"query-input":{"@type":"PropertyValueSpecification","valueRequired":true,"valueName":"search_term_string"}}],"inLanguage":"en-US"},{"@type":"Organization","@id":"https:\/\/globalacoustic.fr\/#organization","name":"Global Acoustic","url":"https:\/\/globalacoustic.fr\/","logo":{"@type":"ImageObject","inLanguage":"en-US","@id":"https:\/\/globalacoustic.fr\/#\/schema\/logo\/image\/","url":"https:\/\/globalacoustic.fr\/wp-content\/uploads\/2022\/04\/cropped-logo-global-acoustic.jpg","contentUrl":"https:\/\/globalacoustic.fr\/wp-content\/uploads\/2022\/04\/cropped-logo-global-acoustic.jpg","width":1080,"height":398,"caption":"Global Acoustic"},"image":{"@id":"https:\/\/globalacoustic.fr\/#\/schema\/logo\/image\/"},"sameAs":["https:\/\/m.facebook.com\/p\/Global-Acoustic-100070827399345\/"]}]}},"jetpack_sharing_enabled":true,"_links":{"self":[{"href":"https:\/\/globalacoustic.fr\/index.php\/wp-json\/wp\/v2\/product\/200","targetHints":{"allow":["GET"]}}],"collection":[{"href":"https:\/\/globalacoustic.fr\/index.php\/wp-json\/wp\/v2\/product"}],"about":[{"href":"https:\/\/globalacoustic.fr\/index.php\/wp-json\/wp\/v2\/types\/product"}],"replies":[{"embeddable":true,"href":"https:\/\/globalacoustic.fr\/index.php\/wp-json\/wp\/v2\/comments?post=200"}],"wp:featuredmedia":[{"embeddable":true,"href":"https:\/\/globalacoustic.fr\/index.php\/wp-json\/wp\/v2\/media\/202"}],"wp:attachment":[{"href":"https:\/\/globalacoustic.fr\/index.php\/wp-json\/wp\/v2\/media?parent=200"}],"wp:term":[{"taxonomy":"product_brand","embeddable":true,"href":"https:\/\/globalacoustic.fr\/index.php\/wp-json\/wp\/v2\/product_brand?post=200"},{"taxonomy":"product_cat","embeddable":true,"href":"https:\/\/globalacoustic.fr\/index.php\/wp-json\/wp\/v2\/product_cat?post=200"},{"taxonomy":"product_tag","embeddable":true,"href":"https:\/\/globalacoustic.fr\/index.php\/wp-json\/wp\/v2\/product_tag?post=200"}],"curies":[{"name":"wp","href":"https:\/\/api.w.org\/{rel}","templated":true}]}}